actor of 319?
True
Does 10 divide 19899?
False
Is 61 a factor of 14091?
True
Is 298 a multiple of 149?
True
Is 255 a multiple of 85?
True
Does 53 divide 17682?
False
Does 40 divide 12560?
True
Is 2556 a multiple of 13?
False
Is 556 a multiple of 8?
False
Is 759 a multiple of 4?
False
Is 8 a factor of 217?
False
Does 23 divide 82?
False
Is 458 a multiple of 2?
True
Is 6 a factor of 468?
True
Is 5999 a multiple of 4?
False
Is 26 a factor of 3949?
False
Does 20 divide 6935?
False
Is 12 a factor of 6402?
False
Is 1044 a multiple of 11?
False
Is 4 a factor of 5385?
False
Is 490 a factor of 64122?
False
Is 104937 a multiple of 226?
False
Does 14 divide 20598?
False
Does 27 divide 471?
False
Is 53 a factor of 5936?
True
Is 9 a factor of 3472?
False
Does 20 divide 15520?
True
Is 20 a factor of 1591?
False
Is 5 a factor of 236?
False
Is 963 a multiple of 9?
True
Does 6 divide 81?
False
Is 19 a factor of 1130?
False
Is 103 a multiple of 6?
False
Does 6 divide 763?
False
Does 101 divide 7126?
False
Is 15 a factor of 1950?
True
Is 14 a multiple of 14?
True
Does 6 divide 256?
False
Is 100 a factor of 100?
True
Is 9 a factor of 783?
True
Is 20 a factor of 40?
True
Is 4 a factor of 1305?
False
Is 1647 a multiple of 44?
False
Is 2896 a multiple of 16?
True
Does 17 divide 2720?
True
Is 455 a multiple of 5?
True
Is 2 a factor of 334?
True
Does 12 divide 1596?
True
Is 79 a factor of 13930?
False
Is 786 a multiple of 10?
False
Is 3397 a multiple of 4?
False
Is 1268 a multiple of 42?
False
Is 11 a factor of 108?
False
Is 10 a factor of 17?
False
Is 365 a multiple of 27?
False
Does 95 divide 4459?
False
Does 15 divide 555?
True
Is 155 a multiple of 9?
False
Does 11 divide 449?
False
Does 53 divide 59095?
True
Does 19 divide 209?
True
Is 18 a factor of 2232?
True
Is 194 a multiple of 11?
False
Does 127 divide 40506?
False
Is 574 a multiple of 35?
False
Is 53 a factor of 1113?
True
Is 26881 a multiple of 4?
False
Is 67 a factor of 804?
True
Does 48 divide 14609?
False
Is 11220 a multiple of 20?
True
Does 12 divide 10920?
True
Is 9275 a multiple of 25?
True
Is 1110 a multiple of 35?
False
Is 116 a factor of 3489?
False
Does 22 divide 308?
True
Is 7042 a multiple of 14?
True
Is 11 a factor of 12155?
True
Does 7 divide 859?
False
Does 113 divide 20507?
False
Is 202 a factor of 404?
True
Is 90 a factor of 1281?
False
Does 63 divide 10821?
False
Is 83916 a multiple of 63?
True
Does 13 divide 9743?
False
Is 241 a multiple of 4?
False
Is 209 a factor of 1770?
False
Is 8483 a multiple of 25?
False
Is 8 a factor of 356?
False
Is 5124 a multiple of 42?
True
Is 10 a factor of 10?
True
Does 15 divide 705?
True
Does 11 divide 4290?
True
Is 20 a factor of 49340?
True
Is 23914 a multiple of 7?
False
Is 75350 a multiple of 10?
True
Is 4028 a multiple of 53?
True
Is 210 a multiple of 3?
True
Is 87 a factor of 39585?
True
Does 91 divide 73073?
True
Does 9 divide 9000?
True
Is 48 a factor of 4504?
False
Is 8602 a multiple of 177?
False
Is 93 a factor of 89650?
False
Is 21 a factor of 1808?
False
Is 152 a factor of 4408?
True
Is 25011 a multiple of 10?
False
Is 16 a factor of 1388?
False
Is 3 a factor of 6976?
False
Is 119 a factor of 833?
True
Does 102 divide 10028?
False
Is 8460 a multiple of 15?
True
Is 45660 a multiple of 30?
True
Is 40 a factor of 11600?
True
Is 10 a factor of 326?
False
Is 1810 a multiple of 10?
True
Does 11 divide 12227?
False
Is 72090 a multiple of 135?
True
Does 24 divide 10644?
False
Is 10215 a multiple of 28?
False
Does 32 divide 3232?
True
Does 21 divide 987?
True
Does 31 divide 155?
True
Does 24 divide 495?
False
Does 31 divide 589?
True
Is 1136 a multiple of 8?
True
Does 10 divide 760?
True
Is 7 a factor of 889?
True
Is 2572 a multiple of 30?
False
Does 23 divide 1196?
True
Is 1617 a multiple of 33?
True
Does 24 divide 600?
True
Is 1506 a multiple of 92?
False
Does 108 divide 1404?
True
Does 9 divide 801?
True
Does 113 divide 26839?
False
Is 361 a multiple of 11?
False
Is 20 a factor of 2740?
True
Is 7319 a multiple of 34?
False
Is 2020 a multiple of 23?
False
Is 5 a factor of 1774?
False
Is 84 a factor of 1848?
True
Does 312 divide 144114?
False
Is 329 a multiple of 7?
True
Is 10 a factor of 1010?
True
Is 136 a factor of 16048?
True
Is 24796 a multiple of 15?
False
Does 22 divide 88?
True
Is 3 a factor of 109?
False
Is 50708 a multiple of 16?
False
Is 924 a multiple of 33?
True
Is 379 a multiple of 74?
False
Is 2 a factor of 430?
True
Is 18 a factor of 3112?
False
Is 3514 a multiple of 45?
False
Does 16 divide 790?
False
Is 225 a multiple of 9?
True
Is 4110 a multiple of 10?
True
Does 10 divide 459?
False
Is 392 a multiple of 14?
True
Does 23 divide 18443?
False
Does 5 divide 8326?
False
Is 54446 a multiple of 56?
False
Is 263 a multiple of 3?
False
Is 25 a factor of 1438?
False
Is 1925 a multiple of 11?
True
Is 545 a multiple of 5?
True
Does 8 divide 4581?
False
Is 8 a factor of 10672?
True
Is 4935 a multiple of 38?
False
Is 114 a factor of 16530?
True
Does 66 divide 528?
True
Is 18501 a multiple of 21?
True
Is 32 a factor of 4448?
True
Does 19 divide 7054?
False
Is 1694 a multiple of 3?
False
Does 47 divide 1434?
False
Is 15 a factor of 555?
True
Does 17 divide 1013?
False
Does 166 divide 33219?
False
Is 5696 a multiple of 16?
True
Is 12 a factor of 269?
False
Is 31544 a multiple of 12?
False
Is 13 a factor of 85028?
False
Is 82 a factor of 7370?
False
Is 15 a factor of 3795?
True
Is 16098 a multiple of 22?
False
Does 37 divide 4742?
False
Does 59 divide 4661?
True
Is 1917 a multiple of 21?
False
Is 23 a factor of 10406?
False
Is 32 a factor of 20832?
True
Is 671 a multiple of 59?
False
Is 9 a factor of 9576?
True
Does 43 divide 86?
True
Does 9 divide 486?
True
Does 288 divide 27100?
False
Does 20 divide 320?
True
Does 84 divide 8309?
False
Is 7839 a multiple of 9?
True
Does 16 divide 32?
True
Is 2 a factor of 3818?
True
Does 16 divide 21184?
True
Is 51 a factor of 4817?
False
Is 9 a factor of 4332?
False
Is 12 a factor of 193?
False
Does 4 divide 876?
True
Is 23 a factor of 5014?
True
Is 27806 a multiple of 17?
False
Is 2074 a multiple of 16?
False
Is 2115 a multiple of 3?
True
Does 46 divide 6659?
False
Is 81 a factor of 2997?
True
Does 58 divide 2573?
False
Is 7 a factor of 1778?
True
Is 3090 a multiple of 5?
True
Does 2 divide 694?
True
Is 33462 a multiple of 24?
False
Is 47 a factor of 527?
False
Is 5290 a multiple of 10?
True
Does 89 divide 15078?
False
Is 109 a factor of 2071?
True
Is 33 a factor of 5841?
True
Is 18 a factor of 1708?
False
Does 27 divide 1971?
True
Is 65 a multiple of 2?
False
Is 1869 a multiple of 20?
False
Does 33 divide 4158?
True
Is 90 a factor of 4590?
True
Does 78 divide 1381?
False
Is 257 a factor of 20817?
True
Is 52 a factor of 5772?
True
Does 21 divide 3293?
False
Is 107 a factor of 15317?
False
Is 12 a factor of 15?
False
Is 83 a factor of 614?
False
Is 57 a factor of 2723?
False
Does 7 divide 376?
False
Is 64264 a multiple of 28?
False
Does 12 divide 384?
True
Is 60 a factor of 660?
True
Is 14 a factor of 3930?
False
Is 11 a multiple of 11?
True
Is 13 a factor of 25650?
False
Does 21 divide 2155?
False
Is 72120 a multiple of 60?
True
Is 59 a factor of 1777?
False
Is 6 a factor of 93?
False
Is 29 a factor of 5020?
False
Is 18 a factor of 270?
True
Is 13 a factor of 57642?
True
Is 43 a factor of 3812?
False
Is 34 a factor of 816?
True
Does 29 divide 2136?
False
Is 53 a factor of 257?
False
Is 15 a factor of 28500?
True
Is 15 a factor of 8340?
True
Does 19 divide 5453?
True
Does 9 divide 23402?
False
Is 5302 a multiple of 31?
False
Is 3932 a multiple of 7?
False
Does 19 divide 8864?
False
Does 250 divide 46753?
False
Does 3 divide 55?
False
Is 24738 a multiple of 14?
True
Is 17600 a multiple of 110?
True
Is 32 a factor of 2400?
True
Does 8 divide 784?
True
Is 16770 a multiple of 29?
False
Is 46 a factor of 658?
False
Does 56 divide 20608?
True
Is 980 a multiple of 49?
True
Is 15 a factor of 2483?
False
Does 73 divide 15476?
True
Is 20 a factor of 6164?
False
Is 27 a factor of 1858?
False
Is 20825 a multiple of 78?
False
Is 10396 a multiple of 14?
False
Is 3223 a multiple of 11?
True
Is 33591 a multiple of 11?
False
Does 6 divide 134?
False
Is 7 a factor of 38836?
True
Is 1050 a multiple of 75?
True
Is 12 a factor of